{"id":104,"date":"2025-03-18T10:55:02","date_gmt":"2025-03-18T09:55:02","guid":{"rendered":"https:\/\/qualiscope-audit.com\/?page_id=104"},"modified":"2025-05-12T10:33:31","modified_gmt":"2025-05-12T08:33:31","slug":"accueil","status":"publish","type":"page","link":"https:\/\/qualiscope-audit.com\/index.php\/accueil\/","title":{"rendered":"Services"},"content":{"rendered":"\n<h4 class=\"wp-block-heading has-text-align-center\">Am\u00e9liorons ensemble votre Syst\u00e8me de Management de la Qualit\u00e9<\/h4>\n\n\n\n<p class=\"has-text-align-center\"><strong>CONSEIL &amp; ACCOMPAGNEMENT en QUALITE, OPTIMISATION des ORGANISATIONS<\/strong><\/p>\n\n\n\n<p class=\"has-text-align-center\">Appuyez-vous sur mon expertise et limitez les risques de non-conformit\u00e9s.<\/p>\n\n\n\n<p class=\"has-text-align-center\">Renforcez votre image aupr\u00e8s de vos partenaires et clients en appliquant les normes QSE. B\u00e9n\u00e9ficiez d\u2019un expert comp\u00e9tent sans avoir \u00e0 recruter un salari\u00e9 \u00e0 plein temps.<\/p>\n\n\n\n<div style=\"height:17px\" aria-hidden=\"true\" class=\"wp-block-spacer\"><\/div>\n\n\n\n<div class=\"wp-block-columns is-layout-flex wp-container-core-columns-is-layout-9d6595d7 wp-block-columns-is-layout-flex\">\n<div class=\"wp-block-column is-layout-flow wp-block-column-is-layout-flow\">\n<h4 class=\"wp-block-heading has-text-align-center\"><strong>Responsable Qualit\u00e9 \u00e0 temps partag\u00e9<\/strong><\/h4>\n\n\n\n<div style=\"height:6px\" aria-hidden=\"true\" class=\"wp-block-spacer\"><\/div>\n\n\n\n<p class=\"has-text-align-center\">Je joue un r\u00f4le cl\u00e9 dans la structuration et l\u2019am\u00e9lioration des performances de l\u2019entreprise, tout en offrant une solution \u00e9conomique et adapt\u00e9e \u00e0 vos besoins.<\/p>\n\n\n\n<p class=\"has-text-align-right\"><a href=\"https:\/\/qualiscope-audit.com\/index.php\/responsable-qualite-a-temps-partage\/\">En savoir +<\/a><\/p>\n<\/div>\n\n\n\n<div class=\"wp-block-column is-layout-flow wp-block-column-is-layout-flow\">\n<h4 class=\"wp-block-heading has-text-align-center\"><strong>Optimiser votre syst\u00e8me de management QSE<\/strong><\/h4>\n\n\n\n<p class=\"has-text-align-center\">Vous souhaitez gagner en efficacit\u00e9, en coh\u00e9rence et en performance ?<\/p>\n\n\n\n<p class=\"has-text-align-center\">Optimiser votre syst\u00e8me de management de la qualit\u00e9 est un levier strat\u00e9gique pour structurer votre organisation et atteindre vos objectifs op\u00e9rationnels.<\/p>\n<\/div>\n<\/div>\n\n\n\n<div class=\"wp-block-columns is-layout-flex wp-container-core-columns-is-layout-9d6595d7 wp-block-columns-is-layout-flex\">\n<div class=\"wp-block-column is-layout-flow wp-block-column-is-layout-flow\">\n<h4 class=\"wp-block-heading has-text-align-center\"><strong>Mise en conformit\u00e9 de votre syst\u00e8me QSE<\/strong><\/h4>\n\n\n\n<p class=\"has-text-align-center\">Vous souhaitez fiabiliser votre syst\u00e8me de management de la qualit\u00e9 et garantir sa conformit\u00e9 aux exigences applicables ?<\/p>\n\n\n\n<p class=\"has-text-align-center\">La mise en conformit\u00e9 QSE est une \u00e9tape cl\u00e9 pour s\u00e9curiser vos activit\u00e9s, pr\u00e9venir les risques et d\u00e9montrer votre engagement qualit\u00e9.<\/p>\n<\/div>\n\n\n\n<div class=\"wp-block-column is-layout-flow wp-block-column-is-layout-flow\">\n<h4 class=\"wp-block-heading has-text-align-center\"><strong>Accompagnement vers la certification ISO <span>9001<\/span><\/strong><\/h4>\n\n\n\n<p class=\"has-text-align-center\">Vous souhaitez engager votre organisation dans une d\u00e9marche de certification ISO 9001 ?<\/p>\n\n\n\n<p class=\"has-text-align-center\">Je vous accompagne \u00e0 chaque \u00e9tape, avec m\u00e9thode, clart\u00e9 et efficacit\u00e9, pour construire un syst\u00e8me de management de la qualit\u00e9 adapt\u00e9 \u00e0 votre structure et align\u00e9 avec vos enjeux.<\/p>\n<\/div>\n<\/div>\n","protected":false},"excerpt":{"rendered":"<p>Am\u00e9liorons ensemble votre Syst\u00e8me de Management de la Qualit\u00e9 CONSEIL &amp; ACCOMPAGNEMENT en QUALITE, OPTIMISATION des ORGANISATIONS Appuyez-vous sur mon expertise et limitez les risques de non-conformit\u00e9s. Renforcez votre image aupr\u00e8s de vos partenaires et clients en appliquant les normes QSE. B\u00e9n\u00e9ficiez d\u2019un expert comp\u00e9tent sans avoir \u00e0 recruter un salari\u00e9 \u00e0 plein temps. Responsable [&hellip;]<\/p>\n","protected":false},"author":1,"featured_media":0,"parent":0,"menu_order":0,"comment_status":"closed","ping_status":"closed","template":"","meta":{"footnotes":""},"class_list":["post-104","page","type-page","status-publish","hentry"],"yoast_head":"<!-- This site is optimized with the Yoast SEO plugin v25.0 - https:\/\/yoast.com\/wordpress\/plugins\/seo\/ -->\n<title>Services - Qualiscope<\/title>\n<meta name=\"description\" content=\"Qualiscope -\" \/>\n<meta name=\"robots\" content=\"index, follow, max-snippet:-1, max-image-preview:large, max-video-preview:-1\" \/>\n<link rel=\"canonical\" href=\"https:\/\/qualiscope-audit.com\/index.php\/accueil\/\" \/>\n<meta property=\"og:locale\" content=\"fr_FR\" \/>\n<meta property=\"og:type\" content=\"article\" \/>\n<meta property=\"og:title\" content=\"Services - Qualiscope\" \/>\n<meta property=\"og:description\" content=\"Qualiscope -\" \/>\n<meta property=\"og:url\" content=\"https:\/\/qualiscope-audit.com\/index.php\/accueil\/\" \/>\n<meta property=\"og:site_name\" content=\"Qualiscope\" \/>\n<meta property=\"article:modified_time\" content=\"2025-05-12T08:33:31+00:00\" \/>\n<meta name=\"twitter:card\" content=\"summary_large_image\" \/>\n<meta name=\"twitter:label1\" content=\"Dur\u00e9e de lecture estim\u00e9e\" \/>\n\t<meta name=\"twitter:data1\" content=\"2 minutes\" \/>\n<script type=\"application\/ld+json\" class=\"yoast-schema-graph\">{\"@context\":\"https:\/\/schema.org\",\"@graph\":[{\"@type\":\"WebPage\",\"@id\":\"https:\/\/qualiscope-audit.com\/index.php\/accueil\/\",\"url\":\"https:\/\/qualiscope-audit.com\/index.php\/accueil\/\",\"name\":\"Services - Qualiscope\",\"isPartOf\":{\"@id\":\"https:\/\/qualiscope-audit.com\/#website\"},\"datePublished\":\"2025-03-18T09:55:02+00:00\",\"dateModified\":\"2025-05-12T08:33:31+00:00\",\"description\":\"Qualiscope -\",\"breadcrumb\":{\"@id\":\"https:\/\/qualiscope-audit.com\/index.php\/accueil\/#breadcrumb\"},\"inLanguage\":\"fr-FR\",\"potentialAction\":[{\"@type\":\"ReadAction\",\"target\":[\"https:\/\/qualiscope-audit.com\/index.php\/accueil\/\"]}]},{\"@type\":\"BreadcrumbList\",\"@id\":\"https:\/\/qualiscope-audit.com\/index.php\/accueil\/#breadcrumb\",\"itemListElement\":[{\"@type\":\"ListItem\",\"position\":1,\"name\":\"Accueil\",\"item\":\"https:\/\/qualiscope-audit.com\/\"},{\"@type\":\"ListItem\",\"position\":2,\"name\":\"Services\"}]},{\"@type\":\"WebSite\",\"@id\":\"https:\/\/qualiscope-audit.com\/#website\",\"url\":\"https:\/\/qualiscope-audit.com\/\",\"name\":\"Qualiscope audit & conseil\",\"description\":\"\",\"potentialAction\":[{\"@type\":\"SearchAction\",\"target\":{\"@type\":\"EntryPoint\",\"urlTemplate\":\"https:\/\/qualiscope-audit.com\/?s={search_term_string}\"},\"query-input\":{\"@type\":\"PropertyValueSpecification\",\"valueRequired\":true,\"valueName\":\"search_term_string\"}}],\"inLanguage\":\"fr-FR\"}]}<\/script>\n<!-- \/ Yoast SEO plugin. -->","yoast_head_json":{"title":"Services - Qualiscope","description":"Qualiscope -","robots":{"index":"index","follow":"follow","max-snippet":"max-snippet:-1","max-image-preview":"max-image-preview:large","max-video-preview":"max-video-preview:-1"},"canonical":"https:\/\/qualiscope-audit.com\/index.php\/accueil\/","og_locale":"fr_FR","og_type":"article","og_title":"Services - Qualiscope","og_description":"Qualiscope -","og_url":"https:\/\/qualiscope-audit.com\/index.php\/accueil\/","og_site_name":"Qualiscope","article_modified_time":"2025-05-12T08:33:31+00:00","twitter_card":"summary_large_image","twitter_misc":{"Dur\u00e9e de lecture estim\u00e9e":"2 minutes"},"schema":{"@context":"https:\/\/schema.org","@graph":[{"@type":"WebPage","@id":"https:\/\/qualiscope-audit.com\/index.php\/accueil\/","url":"https:\/\/qualiscope-audit.com\/index.php\/accueil\/","name":"Services - Qualiscope","isPartOf":{"@id":"https:\/\/qualiscope-audit.com\/#website"},"datePublished":"2025-03-18T09:55:02+00:00","dateModified":"2025-05-12T08:33:31+00:00","description":"Qualiscope -","breadcrumb":{"@id":"https:\/\/qualiscope-audit.com\/index.php\/accueil\/#breadcrumb"},"inLanguage":"fr-FR","potentialAction":[{"@type":"ReadAction","target":["https:\/\/qualiscope-audit.com\/index.php\/accueil\/"]}]},{"@type":"BreadcrumbList","@id":"https:\/\/qualiscope-audit.com\/index.php\/accueil\/#breadcrumb","itemListElement":[{"@type":"ListItem","position":1,"name":"Accueil","item":"https:\/\/qualiscope-audit.com\/"},{"@type":"ListItem","position":2,"name":"Services"}]},{"@type":"WebSite","@id":"https:\/\/qualiscope-audit.com\/#website","url":"https:\/\/qualiscope-audit.com\/","name":"Qualiscope audit & conseil","description":"","potentialAction":[{"@type":"SearchAction","target":{"@type":"EntryPoint","urlTemplate":"https:\/\/qualiscope-audit.com\/?s={search_term_string}"},"query-input":{"@type":"PropertyValueSpecification","valueRequired":true,"valueName":"search_term_string"}}],"inLanguage":"fr-FR"}]}},"_links":{"self":[{"href":"https:\/\/qualiscope-audit.com\/index.php\/wp-json\/wp\/v2\/pages\/104","targetHints":{"allow":["GET"]}}],"collection":[{"href":"https:\/\/qualiscope-audit.com\/index.php\/wp-json\/wp\/v2\/pages"}],"about":[{"href":"https:\/\/qualiscope-audit.com\/index.php\/wp-json\/wp\/v2\/types\/page"}],"author":[{"embeddable":true,"href":"https:\/\/qualiscope-audit.com\/index.php\/wp-json\/wp\/v2\/users\/1"}],"replies":[{"embeddable":true,"href":"https:\/\/qualiscope-audit.com\/index.php\/wp-json\/wp\/v2\/comments?post=104"}],"version-history":[{"count":38,"href":"https:\/\/qualiscope-audit.com\/index.php\/wp-json\/wp\/v2\/pages\/104\/revisions"}],"predecessor-version":[{"id":283,"href":"https:\/\/qualiscope-audit.com\/index.php\/wp-json\/wp\/v2\/pages\/104\/revisions\/283"}],"wp:attachment":[{"href":"https:\/\/qualiscope-audit.com\/index.php\/wp-json\/wp\/v2\/media?parent=104"}],"curies":[{"name":"wp","href":"https:\/\/api.w.org\/{rel}","templated":true}]}}