{"id":280,"date":"2025-05-12T10:06:32","date_gmt":"2025-05-12T08:06:32","guid":{"rendered":"https:\/\/qualiscope-audit.com\/?page_id=280"},"modified":"2025-05-12T15:40:28","modified_gmt":"2025-05-12T13:40:28","slug":"responsable-qualite-a-temps-partage","status":"publish","type":"page","link":"https:\/\/qualiscope-audit.com\/index.php\/responsable-qualite-a-temps-partage\/","title":{"rendered":"Responsable Qualit\u00e9 \u00e0 temps partag\u00e9"},"content":{"rendered":"<div class=\"wpcf7\">\n\n\n<h4 class=\"wp-block-heading\">Les missions du Responsable Qualit\u00e9&nbsp;:<\/h4>\n\n\n\n<p><strong>Comprendre et structurer la d\u00e9marche Qualit\u00e9<\/strong><\/p>\n\n\n\n<ul class=\"wp-block-list\">\n<li>Immersion dans l\u2019entreprise&nbsp;: Analyse du contexte, des enjeux et de la culture interne.<\/li>\n\n\n\n<li><strong>Identification des parties prenantes<\/strong> : Clients, fournisseurs, salari\u00e9s, administration<\/li>\n\n\n\n<li><strong><u>D\u00e9finition du p\u00e9rim\u00e8tre d\u2019intervention<\/u><\/strong> : Processus concern\u00e9s, certifications vis\u00e9es, obligations l\u00e9gales.<\/li>\n<\/ul>\n\n\n\n<p><strong>D\u00e9ploiement et Animation du Syst\u00e8me de Management de la Qualit\u00e9<\/strong><\/p>\n\n\n\n<ul class=\"wp-block-list\">\n<li><strong><u>Mise en place des outils QSE<\/u><\/strong> : Cr\u00e9ation et suivi des documents (proc\u00e9dures, modes op\u00e9ratoires, plans d\u2019actions).<\/li>\n\n\n\n<li><strong><u>Cartographie des processus<\/u><\/strong> : Analyse des flux et interactions entre les services.<\/li>\n\n\n\n<li><strong><u>D\u00e9finition et suivi des indicateurs de performance<\/u><\/strong> (KPI).<\/li>\n\n\n\n<li><strong><u>Animation de la politique QSE<\/u><\/strong> : Sensibilisation et implication des \u00e9quipes.<\/li>\n<\/ul>\n\n\n\n<p><strong>S\u00e9curit\u00e9 et Conformit\u00e9 R\u00e9glementaire<\/strong><\/p>\n\n\n\n<ul class=\"wp-block-list\">\n<li><strong><u>R\u00e9alisation d\u2019audits internes et inspections terrain.<\/u><\/strong><\/li>\n\n\n\n<li><strong><u>Veille r\u00e9glementaire<\/u><\/strong> : Mise \u00e0 jour des exigences l\u00e9gales et normatives.<\/li>\n\n\n\n<li><strong><u>Gestion des risques professionnels<\/u><\/strong> : \u00c9valuation des risques (DUERP), suivi des actions de pr\u00e9vention.<\/li>\n\n\n\n<li><strong><u>Plans d\u2019actions en s\u00e9curit\u00e9 et environnement<\/u><\/strong> : Mise en conformit\u00e9 avec les obligations ICPE, gestion des d\u00e9chets, ma\u00eetrise des impacts environnementaux.<\/li>\n<\/ul>\n\n\n\n<div class=\"wp-block-buttons is-layout-flex wp-block-buttons-is-layout-flex\">\n<div class=\"wp-block-button\"><a class=\"wp-block-button__link wp-element-button\">Contactez-moi<\/a><\/div>\n<\/div>\n\n\n<\/div>","protected":false},"excerpt":{"rendered":"<p>Les missions du Responsable Qualit\u00e9&nbsp;: Comprendre et structurer la d\u00e9marche Qualit\u00e9 D\u00e9ploiement et Animation du Syst\u00e8me de Management de la Qualit\u00e9 S\u00e9curit\u00e9 et Conformit\u00e9 R\u00e9glementaire<\/p>\n","protected":false},"author":1,"featured_media":0,"parent":0,"menu_order":0,"comment_status":"closed","ping_status":"closed","template":"","meta":{"footnotes":""},"class_list":["post-280","page","type-page","status-publish","hentry"],"yoast_head":"<!-- This site is optimized with the Yoast SEO plugin v25.0 - https:\/\/yoast.com\/wordpress\/plugins\/seo\/ -->\n<title>Responsable Qualit\u00e9 \u00e0 temps partag\u00e9 - Qualiscope<\/title>\n<meta name=\"description\" content=\"Qualiscope -\" \/>\n<meta name=\"robots\" content=\"index, follow, max-snippet:-1, max-image-preview:large, max-video-preview:-1\" \/>\n<link rel=\"canonical\" href=\"https:\/\/qualiscope-audit.com\/index.php\/responsable-qualite-a-temps-partage\/\" \/>\n<meta property=\"og:locale\" content=\"fr_FR\" \/>\n<meta property=\"og:type\" content=\"article\" \/>\n<meta property=\"og:title\" content=\"Responsable Qualit\u00e9 \u00e0 temps partag\u00e9 - Qualiscope\" \/>\n<meta property=\"og:description\" content=\"Qualiscope -\" \/>\n<meta property=\"og:url\" content=\"https:\/\/qualiscope-audit.com\/index.php\/responsable-qualite-a-temps-partage\/\" \/>\n<meta property=\"og:site_name\" content=\"Qualiscope\" \/>\n<meta property=\"article:modified_time\" content=\"2025-05-12T13:40:28+00:00\" \/>\n<meta name=\"twitter:card\" content=\"summary_large_image\" \/>\n<meta name=\"twitter:label1\" content=\"Dur\u00e9e de lecture estim\u00e9e\" \/>\n\t<meta name=\"twitter:data1\" content=\"1 minute\" \/>\n<script type=\"application\/ld+json\" class=\"yoast-schema-graph\">{\"@context\":\"https:\/\/schema.org\",\"@graph\":[{\"@type\":\"WebPage\",\"@id\":\"https:\/\/qualiscope-audit.com\/index.php\/responsable-qualite-a-temps-partage\/\",\"url\":\"https:\/\/qualiscope-audit.com\/index.php\/responsable-qualite-a-temps-partage\/\",\"name\":\"Responsable Qualit\u00e9 \u00e0 temps partag\u00e9 - Qualiscope\",\"isPartOf\":{\"@id\":\"https:\/\/qualiscope-audit.com\/#website\"},\"datePublished\":\"2025-05-12T08:06:32+00:00\",\"dateModified\":\"2025-05-12T13:40:28+00:00\",\"description\":\"Qualiscope -\",\"breadcrumb\":{\"@id\":\"https:\/\/qualiscope-audit.com\/index.php\/responsable-qualite-a-temps-partage\/#breadcrumb\"},\"inLanguage\":\"fr-FR\",\"potentialAction\":[{\"@type\":\"ReadAction\",\"target\":[\"https:\/\/qualiscope-audit.com\/index.php\/responsable-qualite-a-temps-partage\/\"]}]},{\"@type\":\"BreadcrumbList\",\"@id\":\"https:\/\/qualiscope-audit.com\/index.php\/responsable-qualite-a-temps-partage\/#breadcrumb\",\"itemListElement\":[{\"@type\":\"ListItem\",\"position\":1,\"name\":\"Accueil\",\"item\":\"https:\/\/qualiscope-audit.com\/\"},{\"@type\":\"ListItem\",\"position\":2,\"name\":\"Responsable Qualit\u00e9 \u00e0 temps partag\u00e9\"}]},{\"@type\":\"WebSite\",\"@id\":\"https:\/\/qualiscope-audit.com\/#website\",\"url\":\"https:\/\/qualiscope-audit.com\/\",\"name\":\"Qualiscope audit & conseil\",\"description\":\"\",\"potentialAction\":[{\"@type\":\"SearchAction\",\"target\":{\"@type\":\"EntryPoint\",\"urlTemplate\":\"https:\/\/qualiscope-audit.com\/?s={search_term_string}\"},\"query-input\":{\"@type\":\"PropertyValueSpecification\",\"valueRequired\":true,\"valueName\":\"search_term_string\"}}],\"inLanguage\":\"fr-FR\"}]}<\/script>\n<!-- \/ Yoast SEO plugin. -->","yoast_head_json":{"title":"Responsable Qualit\u00e9 \u00e0 temps partag\u00e9 - Qualiscope","description":"Qualiscope -","robots":{"index":"index","follow":"follow","max-snippet":"max-snippet:-1","max-image-preview":"max-image-preview:large","max-video-preview":"max-video-preview:-1"},"canonical":"https:\/\/qualiscope-audit.com\/index.php\/responsable-qualite-a-temps-partage\/","og_locale":"fr_FR","og_type":"article","og_title":"Responsable Qualit\u00e9 \u00e0 temps partag\u00e9 - Qualiscope","og_description":"Qualiscope -","og_url":"https:\/\/qualiscope-audit.com\/index.php\/responsable-qualite-a-temps-partage\/","og_site_name":"Qualiscope","article_modified_time":"2025-05-12T13:40:28+00:00","twitter_card":"summary_large_image","twitter_misc":{"Dur\u00e9e de lecture estim\u00e9e":"1 minute"},"schema":{"@context":"https:\/\/schema.org","@graph":[{"@type":"WebPage","@id":"https:\/\/qualiscope-audit.com\/index.php\/responsable-qualite-a-temps-partage\/","url":"https:\/\/qualiscope-audit.com\/index.php\/responsable-qualite-a-temps-partage\/","name":"Responsable Qualit\u00e9 \u00e0 temps partag\u00e9 - Qualiscope","isPartOf":{"@id":"https:\/\/qualiscope-audit.com\/#website"},"datePublished":"2025-05-12T08:06:32+00:00","dateModified":"2025-05-12T13:40:28+00:00","description":"Qualiscope -","breadcrumb":{"@id":"https:\/\/qualiscope-audit.com\/index.php\/responsable-qualite-a-temps-partage\/#breadcrumb"},"inLanguage":"fr-FR","potentialAction":[{"@type":"ReadAction","target":["https:\/\/qualiscope-audit.com\/index.php\/responsable-qualite-a-temps-partage\/"]}]},{"@type":"BreadcrumbList","@id":"https:\/\/qualiscope-audit.com\/index.php\/responsable-qualite-a-temps-partage\/#breadcrumb","itemListElement":[{"@type":"ListItem","position":1,"name":"Accueil","item":"https:\/\/qualiscope-audit.com\/"},{"@type":"ListItem","position":2,"name":"Responsable Qualit\u00e9 \u00e0 temps partag\u00e9"}]},{"@type":"WebSite","@id":"https:\/\/qualiscope-audit.com\/#website","url":"https:\/\/qualiscope-audit.com\/","name":"Qualiscope audit & conseil","description":"","potentialAction":[{"@type":"SearchAction","target":{"@type":"EntryPoint","urlTemplate":"https:\/\/qualiscope-audit.com\/?s={search_term_string}"},"query-input":{"@type":"PropertyValueSpecification","valueRequired":true,"valueName":"search_term_string"}}],"inLanguage":"fr-FR"}]}},"_links":{"self":[{"href":"https:\/\/qualiscope-audit.com\/index.php\/wp-json\/wp\/v2\/pages\/280","targetHints":{"allow":["GET"]}}],"collection":[{"href":"https:\/\/qualiscope-audit.com\/index.php\/wp-json\/wp\/v2\/pages"}],"about":[{"href":"https:\/\/qualiscope-audit.com\/index.php\/wp-json\/wp\/v2\/types\/page"}],"author":[{"embeddable":true,"href":"https:\/\/qualiscope-audit.com\/index.php\/wp-json\/wp\/v2\/users\/1"}],"replies":[{"embeddable":true,"href":"https:\/\/qualiscope-audit.com\/index.php\/wp-json\/wp\/v2\/comments?post=280"}],"version-history":[{"count":6,"href":"https:\/\/qualiscope-audit.com\/index.php\/wp-json\/wp\/v2\/pages\/280\/revisions"}],"predecessor-version":[{"id":300,"href":"https:\/\/qualiscope-audit.com\/index.php\/wp-json\/wp\/v2\/pages\/280\/revisions\/300"}],"wp:attachment":[{"href":"https:\/\/qualiscope-audit.com\/index.php\/wp-json\/wp\/v2\/media?parent=280"}],"curies":[{"name":"wp","href":"https:\/\/api.w.org\/{rel}","templated":true}]}}